s a - 9d?
-93
In base 10, what is 6 - -2639?
2645
In base 12, what is 4 + 415?
419
In base 9, what is -185 - 15?
-211
In base 3, what is 10 + 1121?
1201
In base 10, what is -6 + 77?
71
In base 10, what is 1138 - 13?
1125
In base 2, what is -11 - 101001011?
-101001110
In base 6, what is -130 + 332?
202
In base 12, what is -578 - b?
-587
In base 10, what is -5 - -216?
211
In base 3, what is 12 + 2120?
2202
In base 14, what is 243 - 14?
22d
In base 11, what is -109 - 19?
-127
In base 8, what is -6 + 15?
7
In base 3, what is 20221 + 0?
20221
In base 11, what is -5 + 52?
48
In base 7, what is 1342 + -3?
1336
In base 9, what is -444 - 5?
-450
In base 11, what is 76 + -50?
26
In base 7, what is -12356 + -5?
-12364
In base 2, what is 1111 - -11110?
101101
In base 10, what is 162 + 0?
162
In base 6, what is -3 + 4550?
4543
In base 7, what is -444 - -11?
-433
In base 15, what is 4 - 1618?
-1614
In base 12, what is 2 + 571?
573
In base 15, what is 0 + 37?
37
In base 13, what is 1 + 170?
171
In base 6, what is -1041540 - 2?
-1041542
In base 9, what is 208 - -1?
210
In base 12, what is -4 + 41a?
416
In base 13, what is -1 - -1692?
1691
In base 7, what is 25141 + 3?
25144
In base 13, what is 5 + -345?
-340
In base 12, what is 7 - 48?
-41
In base 16, what is -17d - 5?
-182
In base 12, what is 14b0 - -4?
14b4
In base 15, what is -2 + a64?
a62
In base 2, what is -1011 - 1001?
-10100
In base 9, what is 136 + 5?
142
In base 2, what is 110111101 - 110?
110110111
In base 7, what is 1402 - 11?
1361
In base 10, what is -183 + -1?
-184
In base 10, what is 1 - 33?
-32
In base 7, what is -233 + 11?
-222
In base 15, what is -2b + b?
-20
In base 12, what is -5 - -1016?
1011
In base 2, what is 11111 + -111?
11000
In base 5, what is 0 + 233?
233
In base 3, what is 102012 - -210?
102222
In base 6, what is -104 + 140?
32
In base 7, what is -16 + 16?
0
In base 13, what is -7650 - 1?
-7651
In base 10, what is 610 - -3?
613
In base 4, what is -11 - -200?
123
In base 3, what is 12 - -22?
111
In base 15, what is -3 - 627?
-62a
In base 8, what is 15 - 15?
0
In base 13, what is 14b4 + -1?
14b3
In base 6, what is 0 - -2000?
2000
In base 15, what is -4 + 17?
13
In base 8, what is 330 - -10?
340
In base 5, what is 12312 - -4?
12321
In base 11, what is -4 - -32?
29
In base 8, what is 5 + 21?
26
In base 8, what is 5 - -42?
47
In base 6, what is 300441 - 2?
300435
In base 4, what is -100330 + -1?
-100331
In base 5, what is 1034 - 0?
1034
In base 4, what is 30 + -1310?
-1220
In base 7, what is 124 + -32?
62
In base 5, what is -2214 - -2?
-2212
In base 13, what is -22 - 3?
-25
In base 13, what is bc9 - -5?
c01
In base 5, what is 4 - 3342?
-3333
In base 12, what is 0 + -77?
-77
In base 9, what is 760 + 0?
760
In base 7, what is -65 + -34?
-132
In base 15, what is 1 - -16a?
16b
In base 4, what is -10211 + -1203?
-12020
In base 10, what is -4 + -1469?
-1473
In base 15, what is a5 + 3?
a8
In base 2, what is -1001111 + 10011110?
1001111
In base 10, what is -74 - -18?
-56
In base 10, what is -4 + -201?
-205
In base 5, what is -3 - -304?
301
In base 7, what is 1656 - -10?
1666
In base 6, what is 2344 + -5?
2335
In base 10, what is -4 - 1?
-5
In base 13, what is 19c4 + -2?
19c2
In base 7, what is 2552 - 5?
2544
In base 2, what is -1 + 1010001010?
1010001001
In base 16, what is 5 + 52?
57
In base 7, what is -120 - 1?
-121
In base 16, what is 5 + 41?
46
In base 6, what is -244 + 243?
-1
In base 14, what is -9 + -2d?
-38
In base 16, what is -da - -22?
-b8
In base 7, what is -34 - -62?
25
In base 9, what is 57 - -3?
61
In base 10, what is 573 + 3?
576
In base 3, what is -20 + -2000?
-2020
In base 2, what is 1011 - -10000?
11011
In base 13, what is 65 + 1?
66
In base 11, what is 5a + -46?
14
In base 6, what is 40 + -550?
-510
In base 13, what is -216 - -8?
-20b
In base 6, what is -3 - -21?
14
In base 11, what is -2324 + 4?
-2320
In base 11, what is 1380 + -3?
1378
In base 5, what is 3114 + -23?
3041
In base 11, what is -1a6 - 2?
-1a8
In base 12, what is a - -86?
94
In base 13, what is -17 - -14?
-3
In base 10, what is -5 - 562?
-567
In base 14, what is 5 + 5?
a
In base 3, what is 12 + -1000122?
-1000110
In base 11, what is 108 + -17?
a1
In base 6, what is -2 - 302?
-304
In base 15, what is -4a + 10?
-3a
In base 11, what is -4 - 773?
-777
In base 10, what is 5 - 2990?
-2985
In base 9, what is 20 - 36?
-16
In base 2, what is -111 + 1100?
101
In base 14, what is -5 + -3a?
-41
In base 5, what is -112320 - 10?
-112330
In base 5, what is -112 - 11?
-123
In base 5, what is 100143 - -10?
100203
In base 6, what is 312011 + -5?
312002
In base 7, what is -125 - -5?
-120
In base 2, what is -1111000 + 101?
-1110011
In base 7, what is -45 - 164?
-242
In base 9, what is 5606 + 3?
5610
In base 4, what is 3 - 10133?
-10130
In base 4, what is 20121 + -31?
20030
In base 13, what is -1a8 + -4?
-1ac
In base 5, what is 0 - 1023?
-1023
In base 8, what is 65 + -5?
60
In base 7, what is 1 - 62?
-61
In base 14, what is -21 - 123?
-144
In base 8, what is 27 - -2?
31
In base 9, what is -874 - 1?
-875
In base 15, what is 86b + 3?
86e
In base 12, what is -710 - 6?
-716
In base 4, what is -131001 - 11?
-131012
In base 4, what is -30121 + -10?
-30131
In base 3, what is -1 + -201202?
-201210
In base 14, what is -63 + -16?
-79
In base 9, what is -23 - 111?
-134
In base 8, what is -214 - -10?
-204
In base 2, what is 101011101 + -10001?
101001100
In base 9, what is -345 + 5?
-340
In base 5, what is -33 + 200?
112
In base 11, what is 3 + a2?
a5
In base 7, what is 50 + -5?
42
In base 15, what is 1a5 + -1e?
186
In base 15, what is 4 - -e7d?
e82
In base 13, what is -2 - 25?
-27
In base 10, what is 115 + -4?
111
In base 4, what is -103020 - 0?
-103020
In base 2, what is -1011000100 + 0?
-1011000100
In base 16, what is 11 - -5?
16
In base 14, what is -208c - -1?
-208b
In base 9, what is 404 + 5?
410
In base 10, what is -5 + 577?
572
In base 16, what is -2 - 90?
-92
In base 13, what is 12 - 35?
-23
In base 5, what is 2 + 1312?
1314
In base 2, what is -1010 - 111010111?
-111100001
In base 15, what is -1b - a4?
-c0
In base 12, what is 180 + 5?
185
In base 9, what is 2 + -10016?
-10014
In base 4, what is 33 - -322?
1021
In base 16, what is e77 + 2?
e79
In base 8, what is 5 + 133?
140
In base 2, what is 10 + -111011010?
-111011000
In base 4, what is -2221 + 301?
-1320
In base 9, what is -10 + -458?
-468
In base 14, what is -a1 + -3?
-a4
In base 16, what is -7 - 32e?
-335
In base 3, what is 11 + 10101?
10112
In base 7, what is -11531 + -3?
-11534
In base 7, what is -2 - 140?
-142
In base 9, what is 150 - -70?
230
In base 14, what is 0 + -a4?
-a4
In base 4, what is 1013 - -21?
1100
In base 14, what is -4 + -7?
-b
In base 13, what is -833 + -3?
-836
In base 15, what is 1c2 + 0?
1c2
In base 11, what is 4 - -749?
752
In base 7, what is 3 - -2546?
2552
In base 7, what is 34 - 534?
-500
In base 5, what is -100232 - 0?
-100232
In base 3, what is -110 + 1122?
1012
In base 13, what is -11 - -3cc?
3bb
In base 6, what is -5 - 3225?
-3234
In base 9, what is 10 - 23?
-13
In base 15, what is 2 - 2b5?
-2b3
In base 11, what is 21167 + 0?
21167
In base 12, what is 4 + -1?
3
In base 2, what is -1000101000 + 100?
-1000100100
In base 15, what is -53 - -4?
-4e
In base 8, what is -6 - 1460?
-1466
In base 12, what is -5 - 19?
-22
In base 2, what is -1 + -10001101011?
-10001101100
In base 3, what is 200 - 11?
112
In base 12, what is 8 - 28?
-20
In base 7, what is -1352 + 5?
-1344
In base 5, what is 4 - -204?
213
In base 3, what is 12002 - -1202?
20211
In base 2, what is 11100000 - -11101?
11111101
In base 4, what is 22 - -230?
312
In base 13, what is -2b + 15?
-16
In base 4, what is -2 + 20233?
20231
In base 7, what is -3432 + 13?
-3416
In base 4, what is 12 + 11?
23
In base 3, what is -10112 - -12?
-10100
In base 8, what is 5077 + 0?
5077
In base 15, what is -15 - -5?
-10
In base 16, what is 89 + -1b?
6e
In base 11, what is -5 + 2507?
2502
In base 6, what is -11 + -115?
-130
In base 3, what is -10 + -2010?
-2020
In base 3, what is 222 - -221?
1220
In base 13, what is -3a9 - 5?
-3b1
In base 12, what is -3 - ba6?
-ba9
In base 2, what is 11 + -10110?
-10011
In base 12, what is 12 + -11?
1
In base 4, what is 0 - -10302?
10302
In base 7, what is -253 + 5?
-245
In base 13,